{"id":39648,"date":"2024-07-15T18:05:25","date_gmt":"2024-07-15T18:05:25","guid":{"rendered":"https:\/\/mayoristajoyassn.com.ar\/?post_type=product&#038;p=39648"},"modified":"2025-06-02T17:02:44","modified_gmt":"2025-06-02T17:02:44","slug":"fantasia-aro-chunky-dorado-3","status":"publish","type":"product","link":"https:\/\/mayoristajoyassn.com.ar\/?product=fantasia-aro-chunky-dorado-3","title":{"rendered":"Fantas\u00eda Aro chunky dorado"},"content":{"rendered":"","protected":false},"excerpt":{"rendered":"<p>Aros de Microfusi\u00f3n con perno de acero quir\u00fargico <\/p>\n","protected":false},"featured_media":39645,"template":"","meta":[],"product_cat":[104,16],"product_tag":[],"_links":{"self":[{"href":"https:\/\/mayoristajoyassn.com.ar\/index.php?rest_route=\/wp\/v2\/product\/39648"}],"collection":[{"href":"https:\/\/mayoristajoyassn.com.ar\/index.php?rest_route=\/wp\/v2\/product"}],"about":[{"href":"https:\/\/mayoristajoyassn.com.ar\/index.php?rest_route=\/wp\/v2\/types\/product"}],"wp:featuredmedia":[{"embeddable":true,"href":"https:\/\/mayoristajoyassn.com.ar\/index.php?rest_route=\/wp\/v2\/media\/39645"}],"wp:attachment":[{"href":"https:\/\/mayoristajoyassn.com.ar\/index.php?rest_route=%2Fwp%2Fv2%2Fmedia&parent=39648"}],"wp:term":[{"taxonomy":"product_cat","embeddable":true,"href":"https:\/\/mayoristajoyassn.com.ar\/index.php?rest_route=%2Fwp%2Fv2%2Fproduct_cat&post=39648"},{"taxonomy":"product_tag","embeddable":true,"href":"https:\/\/mayoristajoyassn.com.ar\/index.php?rest_route=%2Fwp%2Fv2%2Fproduct_tag&post=39648"}],"curies":[{"name":"wp","href":"https:\/\/api.w.org\/{rel}","templated":true}]}}